1112201201 - -12?
211112201220
In base 4, what is 2021 - -12003?
20030
In base 8, what is 2740 + -6?
2732
In base 13, what is 1 + 584?
585
In base 4, what is -12333302 + -211?
-13000113
In base 11, what is 1 - -16837?
16838
In base 4, what is 1001 - 12130?
-11123
In base 8, what is -2176 + -7?
-2205
In base 8, what is -27 + -2143?
-2172
In base 12, what is 7 - 825?
-81a
In base 2, what is 10011001110 + -110110000?
1100011110
In base 2, what is -100011101101111 - -111?
-100011101101000
In base 16, what is 2 + c12b?
c12d
In base 14, what is -17 + -a570?
-a587
In base 5, what is -3124 + 211241?
203112
In base 10, what is 243342 + 5?
243347
In base 15, what is 35 + 18d4?
1919
In base 14, what is -5d - -44?
-19
In base 16, what is 1 + -2a30?
-2a2f
In base 6, what is -1 + 531112?
531111
In base 12, what is -b + 148?
139
In base 5, what is -311222 - -3101?
-303121
In base 5, what is 24113343 - -2?
24113400
In base 11, what is 142277 - 5?
142272
In base 12, what is 46 - 836?
-7b0
In base 8, what is -50 - 7212?
-7262
In base 2, what is -10000011010100011010 + 1?
-10000011010100011001
In base 4, what is -2 + 130102022?
130102020
In base 4, what is 111202220 - 11?
111202203
In base 4, what is 1021 + 223311?
230332
In base 8, what is 151007 + 4?
151013
In base 13, what is 6 - 1b92?
-1b89
In base 4, what is 13 - 30111212?
-30111133
In base 14, what is 18 + 11cd?
1207
In base 4, what is -1 - -2031020?
2031013
In base 4, what is -123333 - 31?
-130030
In base 13, what is -5a754 - 0?
-5a754
In base 5, what is 3221 + -3240?
-14
In base 4, what is 3123 - 22113?
-12330
In base 11, what is 1036 - 166?
980
In base 9, what is -161 + 212?
41
In base 13, what is -b13bc7 - 0?
-b13bc7
In base 7, what is -254013 + -5?
-254021
In base 3, what is 22022001 + -102122?
21212102
In base 5, what is -4 + -243311?
-243320
In base 7, what is 3 - -4615665?
4616001
In base 7, what is 1 + 53350?
53351
In base 2, what is -10100100 + 110010101?
11110001
In base 8, what is -2563 + -30?
-2613
In base 9, what is -1 - 2281?
-2282
In base 3, what is -1210012202 + -1010?
-1210020212
In base 2, what is -11 + 10011100001011101?
10011100001011010
In base 8, what is 272 + -171?
101
In base 6, what is -4 + -2351241?
-2351245
In base 4, what is -2 + -200021301?
-200021303
In base 6, what is -12541 - -35?
-12502
In base 8, what is -1 + -151403?
-151404
In base 7, what is 3622 + -3360?
232
In base 14, what is -8 + -dd32?
-dd3a
In base 7, what is -21 + 1441?
1420
In base 2, what is 10 + 11100011100010011?
11100011100010101
In base 5, what is -1 + -1043042?
-1043043
In base 4, what is -2121132111 + -1?
-2121132112
In base 10, what is -11 + -324797?
-324808
In base 9, what is 317860 + 1?
317861
In base 13, what is -1 - -2b2ab?
2b2aa
In base 6, what is 5120430 + -5?
5120421
In base 5, what is -23 - 240402?
-240430
In base 4, what is -1 + 31130230?
31130223
In base 10, what is 5305 - 11?
5294
In base 7, what is -4 - -11455?
11451
In base 8, what is 4601161 - 0?
4601161
In base 13, what is 64571 + 1?
64572
In base 9, what is -35 + -2536?
-2572
In base 4, what is -301 - -101111123?
101110222
In base 13, what is -91 + 1375?
12b4
In base 16, what is 287 - 2e0?
-59
In base 5, what is 1 - -4241231?
4241232
In base 13, what is -5 - -7b23?
7b1b
In base 16, what is 2 - 14c3a2?
-14c3a0
In base 5, what is -31234 + 201?
-31033
In base 14, what is -17 + -5d0dc?
-5d115
In base 15, what is a5 - -1739?
17de
In base 15, what is 2b + d96?
dc2
In base 7, what is -3 - 44404?
-44410
In base 14, what is 3720a - -8?
37214
In base 13, what is 4c13 - 8?
4c08
In base 7, what is 224446 - -30?
224506
In base 14, what is -1a90 - -39?
-1a55
In base 4, what is 13220 - -232?
20112
In base 2, what is -100 - -1000010100011?
1000010011111
In base 14, what is 3 - -1779?
177c
In base 16, what is -b4 - 17?
-cb
In base 3, what is 2 - 20120122?
-20120120
In base 16, what is -5 - bfe?
-c03
In base 3, what is -102200 + 122000110?
121120210
In base 7, what is 1 - 1233?
-1232
In base 13, what is 2b046 + -40?
2b006
In base 12, what is 2 - -ab7?
ab9
In base 11, what is -4 + 8794?
8790
In base 6, what is 340 - -201?
541
In base 7, what is 540653 + 2?
540655
In base 14, what is 5125 - 1?
5124
In base 4, what is -1223202 - -22?
-1223120
In base 12, what is -56 - -72?
18
In base 13, what is 10 + -b44?
-b34
In base 13, what is -86 - 67?
-120
In base 16, what is 56a3d - 5?
56a38
In base 13, what is -1 - -4547c1?
4547c0
In base 5, what is 133020332 + -3?
133020324
In base 10, what is 2642 - -1?
2643
In base 12, what is -a - 145768?
-145776
In base 2, what is 111000011011 + 1010000?
111001101011
In base 6, what is 3542 - -354?
4340
In base 16, what is 266 + -103?
163
In base 5, what is -10401 + 24030?
13124
In base 12, what is -5 - -30715?
30710
In base 8, what is -1720 + -1555?
-3475
In base 7, what is -24 - -443553?
443526
In base 6, what is -4 - -524311?
524303
In base 14, what is 12374 + 9?
1237d
In base 8, what is 20203 + -6?
20175
In base 4, what is 33322 + 22302?
122230
In base 4, what is 11 - 220230?
-220213
In base 7, what is 1 - 14652?
-14651
In base 8, what is -14751 - -46?
-14703
In base 2, what is -11011011 + -11010001?
-110101100
In base 2, what is 100110 - 111111101?
-111010111
In base 7, what is -551 + -1101?
-1652
In base 4, what is 10 - 212031?
-212021
In base 3, what is -11222011 - -1210?
-11220101
In base 16, what is 8fff1 + 5?
8fff6
In base 10, what is 30 - 3773?
-3743
In base 12, what is 115 + 667?
780
In base 7, what is 25512 - 0?
25512
In base 16, what is -1633 + c5?
-156e
In base 15, what is -13 - -a89?
a76
In base 13, what is 10 - -1121?
1131
In base 15, what is 30 - 3598?
-3568
In base 12, what is 56 - -3b54?
3baa
In base 3, what is 12 - -1202212020?
1202212102
In base 15, what is 0 - 32ed2?
-32ed2
In base 8, what is -2423 - 3206?
-5631
In base 14, what is 0 + 6b48?
6b48
In base 16, what is 3 - 3630e?
-3630b
In base 3, what is -100212120202120 - 12?
-100212120202202
In base 9, what is -14661 - 115?
-14776
In base 6, what is -10100 - 20?
-10120
In base 13, what is 33b + 49?
387
In base 11, what is 700 - -4?
704
In base 5, what is 0 - 2413424?
-2413424
In base 14, what is a4 - -a1a?
ac0
In base 15, what is -17dd + ad?
-1730
In base 14, what is -d3a4 + 4?
-d3a0
In base 2, what is -11 + -1001111001011000?
-1001111001011011
In base 12, what is 16b + 235b?
250a
In base 13, what is -245a + -4?
-2461
In base 6, what is -32142 - -53?
-32045
In base 9, what is -22316 - -4?
-22312
In base 13, what is c - 9295?
-9286
In base 13, what is 2a3 + 62?
335
In base 2, what is -1000111010 - 1100111010?
-10101110100
In base 3, what is 22102112 - -120?
22110002
In base 14, what is 2cb + -152?
179
In base 6, what is 125230 + -22?
125204
In base 16, what is -11e1d - 1?
-11e1e
In base 3, what is 2 + 2020112201221?
2020112202000
In base 10, what is -159 + -288?
-447
In base 6, what is 2 - -1412501?
1412503
In base 4, what is 3333 + -113221?
-103222
In base 3, what is -2 - 202110220001?
-202110220010
In base 2, what is 10010101 + 100010001101?
100100100010
In base 2, what is -10000011000110 - -1011?
-10000010111011
In base 6, what is -11314015 + -5?
-11314024
In base 15, what is 22 + -cad?
-c8b
In base 13, what is -6 + 16b44?
16b3b
In base 11, what is 0 - -306a?
306a
In base 9, what is -754 + 118?
-635
In base 10, what is 601 - 299?
302
In base 7, what is 1 + -23260?
-23256
In base 4, what is -1 - 200020?
-200021
In base 5, what is -1124030 - 1?
-1124031
In base 3, what is 11 + 1112000211102?
1112000211120
In base 14, what is 36 - 3556?
-3520
In base 14, what is -3 - -539ad?
539aa
In base 4, what is -211 + 1002121?
1001310
In base 10, what is -3 - 24015?
-24018
In base 11, what is 2 + 60973?
60975
In base 14, what is a66 - -352?
db8
In base 12, what is -2a46 + -11?
-2a57
In base 11, what is -5 - 12a520?
-12a525
In base 14, what is 1b93 + -2a?
1b67
In base 12, what is -b - 131aa?
-131b9
In base 16, what is -3cde0 - -4?
-3cddc
In base 8, what is 64030 + 5?
64035
In base 12, what is 86442 + 3?
86445
In base 7, what is -2 - 16650?
-16652
In base 10, what is -53710 - 10?
-53720
In base 8, what is -2432434 - -7?
-2432425
In base 13, what is 1 + 88513?
88514
In base 5, what is -4 - 200200?
-200204
In base 15, what is 3cb + 19a9?
1d85
In base 16, what is 1e853